{"id":22,"date":"2019-02-14T05:01:38","date_gmt":"2019-02-14T05:01:38","guid":{"rendered":"http:\/\/eledendelasnovias.com\/?page_id=22"},"modified":"2019-03-13T04:53:55","modified_gmt":"2019-03-13T04:53:55","slug":"quienes-somos-2","status":"publish","type":"page","link":"http:\/\/eledendelasnovias.com\/?page_id=22","title":{"rendered":"QUIENES SOMOS"},"content":{"rendered":"<p style=\"text-align: center;\">Somos una empresa dedicada a auxiliar a usted que esta pr\u00f3ximo a festejar un acontecimiento importante en su vida como ser\u00edan: Bodas, 15 A\u00f1os, Bautizos, Aniversarios,<\/p>\n<p style=\"text-align: center;\">1\u00aa Comuniones, Graduaciones, Comidas Empresariales de fin de a\u00f1o o de aniversario.<\/p>\n<p>&nbsp;<\/p>\n<p style=\"text-align: center;\">Si sue\u00f1as con una Boda brillante, decoraci\u00f3n de primera, el mejor vestido de novia, un bufete de delicioso, en fin con una boda perfecta. Tu sue\u00f1o es nuestro trabajo.<\/p>\n<p>&nbsp;<\/p>\n<p style=\"text-align: center;\">tenemos todo lo que necesitas para que tu boda o evento dejen huellas impresionantes.<\/p>\n","protected":false},"excerpt":{"rendered":"<p>Somos una empresa dedicada a auxiliar a usted que esta pr\u00f3ximo a festejar un acontecimiento importante en su vida como ser\u00edan: Bodas, 15 A\u00f1os, Bautizos, Aniversarios, 1\u00aa Comuniones, Graduaciones, Comidas Empresariales de fin de a\u00f1o o de aniversario. &nbsp; Si sue\u00f1as con una Boda brillante, decoraci\u00f3n de primera, el mejor vestido de novia, un bufete &hellip;<\/p>\n","protected":false},"author":1,"featured_media":0,"parent":0,"menu_order":0,"comment_status":"closed","ping_status":"closed","template":"","meta":{"jetpack_post_was_ever_published":false,"footnotes":""},"class_list":["post-22","page","type-page","status-publish","hentry","no-thumb"],"jetpack_sharing_enabled":true,"jetpack_shortlink":"https:\/\/wp.me\/PaIA8l-m","jetpack-related-posts":[{"id":21,"url":"http:\/\/eledendelasnovias.com\/?page_id=21","url_meta":{"origin":22,"position":0},"title":"QUIENES SOMOS","date":"14\/02\/2019","format":false,"excerpt":"Somos una empresa dedicada a auxiliar a usted que esta pr\u00f3ximo a festejar un acontecimiento importante en su vida como ser\u00edan: Bodas, 15 A\u00f1os, Bautizos, Aniversarios, 1\u00aa Comuniones, Graduaciones, Comidas Empresariales de fin de a\u00f1o o de aniversario. \u00a0 Si sue\u00f1as con una Boda brillante, decoraci\u00f3n de primera, el mejor\u2026","rel":"","context":"Entrada similar","img":{"alt_text":"","src":"","width":0,"height":0},"classes":[]},{"id":75,"url":"http:\/\/eledendelasnovias.com\/?page_id=75","url_meta":{"origin":22,"position":1},"title":"Quienes Somos","date":"14\/02\/2019","format":false,"excerpt":"Somos una empresa dedicada a auxiliar a usted que esta pr\u00f3ximo a festejar un acontecimiento importante en su vida como ser\u00edan: Bodas, 15 A\u00f1os, Bautizos, Aniversarios, 1\u00aa Comuniones, Graduaciones, Comidas Empresariales de fin de a\u00f1o o de aniversario. \u00a0 Si sue\u00f1as con una Boda brillante, decoraci\u00f3n de primera, el mejor\u2026","rel":"","context":"Entrada similar","img":{"alt_text":"","src":"","width":0,"height":0},"classes":[]},{"id":153,"url":"http:\/\/eledendelasnovias.com\/","url_meta":{"origin":22,"position":2},"title":"Inicio","date":"13\/03\/2019","format":false,"excerpt":"El Eden de las Novias Somos una empresa dedicada a auxiliar a usted que esta pr\u00f3ximo a festejar un acontecimiento importante en su vida como ser\u00edan: Bodas, 15 A\u00f1os, Bautizos, Aniversarios, 1\u00aa Comuniones, Graduaciones, Comidas Empresariales de fin de a\u00f1o o de aniversario. Si sue\u00f1as con una Boda brillante, decoraci\u00f3n\u2026","rel":"","context":"Entrada similar","img":{"alt_text":"","src":"https:\/\/i0.wp.com\/eledendelasnovias.com\/wp-content\/uploads\/2019\/03\/49660000_1956550551124952_4601590513114546176_n-300x200.jpg?resize=350%2C200","width":350,"height":200},"classes":[]},{"id":25,"url":"http:\/\/eledendelasnovias.com\/?page_id=25","url_meta":{"origin":22,"position":3},"title":"BODAS","date":"14\/02\/2019","format":false,"excerpt":"","rel":"","context":"Entrada similar","img":{"alt_text":"","src":"","width":0,"height":0},"classes":[]}],"_links":{"self":[{"href":"http:\/\/eledendelasnovias.com\/index.php?rest_route=\/wp\/v2\/pages\/22","targetHints":{"allow":["GET"]}}],"collection":[{"href":"http:\/\/eledendelasnovias.com\/index.php?rest_route=\/wp\/v2\/pages"}],"about":[{"href":"http:\/\/eledendelasnovias.com\/index.php?rest_route=\/wp\/v2\/types\/page"}],"author":[{"embeddable":true,"href":"http:\/\/eledendelasnovias.com\/index.php?rest_route=\/wp\/v2\/users\/1"}],"replies":[{"embeddable":true,"href":"http:\/\/eledendelasnovias.com\/index.php?rest_route=%2Fwp%2Fv2%2Fcomments&post=22"}],"version-history":[{"count":2,"href":"http:\/\/eledendelasnovias.com\/index.php?rest_route=\/wp\/v2\/pages\/22\/revisions"}],"predecessor-version":[{"id":188,"href":"http:\/\/eledendelasnovias.com\/index.php?rest_route=\/wp\/v2\/pages\/22\/revisions\/188"}],"wp:attachment":[{"href":"http:\/\/eledendelasnovias.com\/index.php?rest_route=%2Fwp%2Fv2%2Fmedia&parent=22"}],"curies":[{"name":"wp","href":"https:\/\/api.w.org\/{rel}","templated":true}]}}